t z be f(9). What is m(z)?
-2
Let r(d) = 4*d**2 - 3*d - 10. Let u(z) = 3*z**2 - 2*z - 9. Let n(i) = -4*r(i) + 5*u(i). Determine n(5).
-20
Let r = -4 + 6. Let w(n) = 4*n - 3*n - 4*n + r*n. Calculate w(1).
-1
Let n(c) = -4*c + 6*c - c + 2 - 2*c**2 + 0*c. Let d = -3 + 5. Calculate n(d).
-4
Let p(v) = -v + 1. Let g be -6*(-1)/(6/(-3)). Let x be p(g). Let y(d) = 3*d - 6. Give y(x).
6
Let k(x) = x**2 - 5*x + 6. Let f = -5 - -9. Let y be k(f). Let v(a) = -a**2 + 1 + 4*a**2 + 1 - 3*a. Calculate v(y).
8
Let z(u) = -3*u - 5 - 8*u + 10*u. Let h = 3 + -7. Give z(h).
-1
Suppose 1 = -3*s - 4*g + 9, 0 = -3*s + g - 2. Let l(k) = k + 4. What is l(s)?
4
Let q(i) = i - 3. Let b be q(6). Let a be (-6)/b + 3/(-3). Let o(p) = p - 4. Calculate o(a).
-7
Suppose 3 = -j + 2. Let i(d) = -7*d. What is i(j)?
7
Let s(c) = c**2 + 7*c - 3. Let i = -12 + 5. Determine s(i).
-3
Let z = 2 + 0. Let q(f) = -f**z - 2*f - 4*f**2 + 6*f**2 + 3*f. What is q(-2)?
2
Let t be 2*(3/6 - 1). Let o(f) = 4 + f + 0 + 2*f**2 - 3. Calculate o(t).
2
Let d(p) = p**2 - p**2 + 7*p - 7 - p**2. Calculate d(6).
-1
Let f = 4 + -11. Let h(b) = -4*b**3 - 15*b**2 - 3*b + 28. Let c(x) = -x**3 - 5*x**2 - x + 9. Let y(r) = f*c(r) + 2*h(r). Suppose 3*m - 5 = 2*m. Determine y(m).
-2
Let a(c) be the third derivative of c**4/24 - 5*c**3/6 - c**2. Calculate a(-5).
-10
Let j be 4/6*(5 - 2). Let d(i) = -3*i**j - 2 - i**2 + 0 + i**3 + i. What is d(4)?
2
Let h(d) be the third derivative of -d**6/120 + d**5/10 - 7*d**4/24 + 2*d**3/3 + 8*d**2. Give h(4).
8
Let w = -7 - -11. Let o(j) = -4*j + 5*j - 3 + w. Determine o(-4).
-3
Suppose 0 = -2*x + 3*f - 1, 0 = 5*x - 2*f - 14. Let z(w) = -x*w + 4*w - 5*w**2 + w + 2. Calculate z(2).
-16
Let a(g) = g - 7. Let f(s) = 3*s - 12. Let d be f(5). Calculate a(d).
-4
Let s(d) = -2 + d + 0*d - 2*d. Let l be 1*(2 - 4) - -4. Calculate s(l).
-4
Let t(k) be the third derivative of k**6/120 + k**5/20 - k**4/24 + k**3/6 + 13*k**2. Determine t(-2).
7
Let p(i) be the third derivative of -i**4/24 + 4*i**3/3 + 8*i**2. What is p(4)?
4
Let y(g) be the second derivative of -1/6*g**3 + g + 0 + 1/2*g**2. Give y(5).
-4
Let u(p) = p**3 + 2*p**2 - p - 1. Let y(x) = -5*x**3 - 9*x**2 + 4*x + 4. Let f(r) = 9*u(r) + 2*y(r). Let h = 3 - 3. Give f(h).
-1
Suppose g - 9 = 4*h, 0 = 4*h + 4. Let y(b) = -b**2 + g + 2*b + 0*b**2 + 0*b**2. Let q be y(4). Let x(n) = -2*n**2 - 4*n - 1. Calculate x(q).
-7
Let s(j) be the second derivative of -1/12*j**4 + 1/3*j**3 + 1/2*j**2 + 2*j + 0. What is s(2)?
1
Let n(w) = -15*w. Let g(v) = -21*v - 1. Let k be g(-1). Suppose -d = 2*l - 0*d - 1, 5*l - 5*d + k = 0. What is n(l)?
15
Suppose 2 = 3*d - 4*d. Let i = d - -1. Let s(b) = 0 + 0 - 5*b. Calculate s(i).
5
Let k = 1 - 1. Let a(s) = s**3 - s**2 + 5. Let q be a(k). Let w(x) = -x - 1 + 0 + 12. Calculate w(q).
6
Let n(s) be the third derivative of s**6/120 + s**5/12 + 2*s**3/3 + 2*s**2. Let z = -2 + 2. Let f(q) = q - 5. Let p be f(z). Calculate n(p).
4
Let i(y) = -y**3 + 2*y**2 + y + 1. Let f(x) = x**2 + 1. Suppose -2*d + d = 0. Suppose -3*o - 3 = -d*o - 3*l, -2*o = 2*l - 6. Let m be f(o). Give i(m).
3
Let t(y) = -241*y**2 + 120*y**2 + 6 + 5*y + 122*y**2. Give t(-4).
2
Suppose -6 + 0 = 3*s. Let q(x) = -x**3 - 3*x**2 - 3*x. Give q(s).
2
Let c(h) = h**3 + 5*h**2 + 3*h + 1. Let y(r) = -r**3 - 5*r**2 - 2*r - 1. Let k(n) = -2*c(n) - 3*y(n). Let j(u) = -3*u - 11. Let p be j(-2). Give k(p).
1
Let n be -6 - 6*5/(-10). Let x(j) = 4*j + 3. Determine x(n).
-9
Let z = 0 - 1. Let r(y) = -3*y**2 + 4*y - 1. Let w(o) = 7*o**2 - 9*o + 3. Let g(a) = 5*r(a) + 2*w(a). Calculate g(z).
-2
Let c be (6/(-6))/(((-3)/(-4))/3). Let l(b) = 2*b + 4. What is l(c)?
-4
Let w = -46 + 40. Let a(y) = -y**2 - 6*y - 6. Determine a(w).
-6
Let d be 3/6*1*0. Let p(m) = -2*m + 0*m - m**2 + d*m + 1 + 3. Calculate p(-3).
1
Let z(n) = -2*n**3 + 3*n**3 + 6 + 3*n**2 - 1 - 4*n. Let o be (40/(-50))/(2/10). Give z(o).
5
Let v(t) = 10*t**2 + t. Let y(i) = -20*i**2 - 2*i. Let h(a) = -5*v(a) - 2*y(a). Determine h(-1).
-9
Let a(q) be the second derivative of q**4/4 + q**3/2 - 7*q. Determine a(-2).
6
Let i(j) = 2*j + 1. Suppose -2 = 2*u - 3*u + 5*n, -u + 2 = -3*n. Give i(u).
5
Suppose -2 = 5*v + 8. Let r be (2 + v + 4)*-5. Let d be 3/2 - r/(-8). Let k(h) = -h. Determine k(d).
1
Let i(o) = -o**3 - 5*o**2 + 14*o - 2. Let p be i(-7). Let f(t) = 8*t + 1. Determine f(p).
-15
Let y(c) = -3*c**2 - 4*c - 2. Let l be y(-2). Let h(u) = -8*u**2 - 6*u - 7. Let x(g) = g**2 + g + 1. Let n(z) = l*x(z) - h(z). Determine n(-1).
3
Let h(z) be the second derivative of z**4/12 - z**3 - 2*z**2 + z. What is h(4)?
-12
Let k(q) be the second derivative of q**4/12 + 2*q**3 + 6*q**2 + 19*q. Determine k(-8).
-20
Suppose -12*h = -16*h + 12. Let i(z) = z**2 - 4*z + 1. What is i(h)?
-2
Suppose 0 = -5*o + d + 6, 5*o + 10 = d + 4*d. Let v be 2 + (o - 4) - -3. Let u(c) = 2*c - 3*c + c**v - c**2 - 1 + 0*c**3 - 9*c**3. Determine u(-1).
7
Let o = 38 - 40. Let a(z) = -z**2 + 2*z + 2. Calculate a(o).
-6
Let f(b) = -6*b + 6. Let v be f(1). Let h(w) be the first derivative of w**2/2 + 4*w + 2. Determine h(v).
4
Let u(q) = 12*q**2 + 5*q**2 - 11*q**2. What is u(1)?
6
Let u be 1 + 5/((-15)/(-9)). Let h(d) = -d**2 - 8*d - 9. Let k(g) = -g**2 - 8*g - 9. Let f(o) = u*h(o) - 3*k(o). Calculate f(-6).
3
Suppose 5*u = -0 - 15. Let i(r) be the second derivative of -r**5/20 - r**4/6 + 2*r**3/3 - r. What is i(u)?
-3
Let y(t) = -t + 4. Let a be y(0). Let s(j) = 14*j**2 + 3*j + 2. Let i(w) = -5*w**2 - w - 1. Let v(x) = a*s(x) + 11*i(x). Let d = 19 - 19. What is v(d)?
-3
Suppose -6*i + i = -20. Let v(d) = 6*d + 0*d + 0*d**2 - d**2 - 4*d + 5. Calculate v(i).
-3
Let d(v) = 2*v**2 - 4*v + 2. Let a be d(2). Let m(t) = t**2 - 4*t + 4. Let f be m(5). Let k(s) = -4 - 3 - 3*s + f + s**2. Give k(a).
0
Let v(h) = -2*h**2 + h + 1. Suppose 22*i = 24*i + 2. Give v(i).
-2
Let s(l) = l**2 + 8*l + 7. Let c be s(-7). Let b(h) = -h**2 + h + 17. Calculate b(c).
17
Suppose -11 + 1 = -2*o. Let x = 2 - 2. Let s(v) = 6*v - 2*v - v**2 + x*v**2. Determine s(o).
-5
Let n(v) = v**2 + 1. Let x(m) = 2*m. Let a be x(2). Let l be (2/a)/((-10)/40). Give n(l).
5
Let v(q) be the third derivative of -7*q**6/120 + q**4/24 + q**3/6 - 8*q**2. Suppose -2*i = -2 + 4. Determine v(i).
7
Suppose b - 8 = -5*c + 15, -2*c - 7 = -5*b. Let r(i) = 2*i**2 - 4*i + 3. Determine r(b).
9
Let v(c) be the second derivative of c**5/20 - 7*c**4/6 + 7*c**3/3 - 3*c**2 + 53*c. What is v(13)?
7
Suppose -3*t = -0*t - 9. Let y(j) = j**3 - 5*j**t - 2*j**2 + 0*j**2 + j. Let g be y(1). Let h(b) = b**3 + 4*b**2 - 6*b + 1. Determine h(g).
6
Let g(h) = 2*h + 2. Let a(c) be the third derivative of c**4/8 - c**3/6 - 3*c**2. Let o(r) = r**2 + 3*r + 3. Let j be o(-2). Let s be a(j). What is g(s)?
6
Let k(h) be the first derivative of h - 3 - h**2 + 1/2*h**4 + 2/3*h**3. What is k(1)?
3
Let t(y) = -3 + 4*y**2 - 3*y**2 + 23*y - 2 - 19*y. Calculate t(-5).
0
Let j(m) = 7*m**2 - 7*m - 5. Let o(g) = -10*g**2 + 10*g + 8. Let v(s) = -7*j(s) - 5*o(s). Let h be v(5). Let d = h + -10. Let k(l) = -l**2 + 4*l - 6. Give k(d).
-11
Let n(w) = w**2 + 3. Suppose -t - 5*z - 10 = -3*t, -3*t = -2*z + 7. Let j(u) = u**2 + 4. Let d(l) = t*n(l) + 4*j(l). Calculate d(-2).
-3
Let t(h) = -2*h**2 + 5*h + 7. Let v be -2*2*(-40)/32. What is t(v)?
-18
Let b(u) = 2*u**2 - 6*u + 5. Let i be b(3). Let t(n) = -9 - 6*n + i*n - 4*n**2 + 5*n + 2 - n**3. Let d be ((-5)/(-2))/((-2)/4). Determine t(d).
-2
Let l be (-2)/(9/((-252)/8)). Let g(w) be the first derivative of -3/2*w**2 + 2 - l*w. Determine g(-5).
8
Let p(h) = -2*h**2 - 11*h + 1. Let n be p(-6). Let i(k) be the second derivative of k**5/20 + 5*k**4/12 - k**3/6 - 7*k**2/2 + 4*k. What is i(n)?
-2
Let l(s) = -s**3 + s**2 - s. Let r(b) = 5*b**3 + b**2 - 4*b - 8. Let n(j) = -4*l(j) - r(j). What is n(-6)?
-4
Let p(y) = -3*y**3 - 2*y**2 + 6*y + 4. Let n(a) be the second derivative of -a**5/20 + a**4/12 + a**2/2 - 4*a. Let s(j) = 4*n(j) - p(j). What is s(4)?
8
Let u(j) = -6 + 5 + j**2 + 2 - 6*j**3 - j. What is u(1)?
-5
Let s(t) = -t**2 + t - 1. Let g(z) = -1 - 33*z - 3*z**2 + 33*z. Let q(p) = g(p) - 5*s(p). Calculate q(3).
7
Let v be 5*((-12)/(-5))/3. Suppose n = 4*w - 2*w - 12, -v*w = 4*n. Suppose 3*q - w*q - 3 = 0. Let a(p) = -p**3 - 2*p**2 + p + 1. Give a(q).
7
Let s(i) be the second derivative 